{"id":432,"date":"2019-04-17T16:26:19","date_gmt":"2019-04-17T14:26:19","guid":{"rendered":"http:\/\/nagel-metallbau.com\/?page_id=432"},"modified":"2019-06-06T15:12:24","modified_gmt":"2019-06-06T13:12:24","slug":"beratung","status":"publish","type":"page","link":"https:\/\/nagel-metallbau.com\/?page_id=432","title":{"rendered":"BERATUNG"},"content":{"rendered":"\n<p><strong>Wir beraten Sie gerne.<\/strong><\/p>\n\n\n\n<hr class=\"wp-block-separator\"\/>\n\n\n\n<div class=\"wp-block-image\"><figure class=\"alignright is-resized\"><img loading=\"lazy\" src=\"https:\/\/nagel-metallbau.com\/wp-content\/uploads\/2019\/05\/Image_ma\u00df-1-1024x765.jpg\" alt=\"\" class=\"wp-image-660\" width=\"512\" height=\"383\" srcset=\"https:\/\/nagel-metallbau.com\/wp-content\/uploads\/2019\/05\/Image_ma\u00df-1-1024x765.jpg 1024w, https:\/\/nagel-metallbau.com\/wp-content\/uploads\/2019\/05\/Image_ma\u00df-1-300x224.jpg 300w, https:\/\/nagel-metallbau.com\/wp-content\/uploads\/2019\/05\/Image_ma\u00df-1-768x574.jpg 768w\" sizes=\"(max-width: 512px) 100vw, 512px\" \/><\/figure><\/div>\n\n\n\n<p>Ein erfolgreiches Projekt beginnt bereits bei der Planung. Um fertigungstechnischen M\u00f6glichkeiten zu ber\u00fccksichtigen stehen wir Ihnen von Beginn an mit Rat und Tat zu Seite. <br>So ist ein reibungsloser Ablauf &#8211; von der Planung bis zur Montage &#8211; Ihres Projekts m\u00f6glich.<br><\/p>\n\n\n\n<p>Wir kooperieren eng mit vertraglich gebundenen Ingenieuren, um auch Spezialkonstruktionen zu erm\u00f6glichen. Dies betrifft beispielsweise die Planung akustischer Pr\u00fcfst\u00e4nde (etwa in der Automobilbranche). Durch den technologischen Wissensaustausch mit unseren externen Ingenieursb\u00fcro steht geschultes Fachpersonal mit Erfahrung und den erforderlichen Me\u00dfger\u00e4ten und Untersuchungsr\u00e4umen zur Verf\u00fcgung.<\/p>\n\n\n\n<p style=\"text-align:left\">Individuelle Probleml\u00f6sungen sind somit unsere St\u00e4rke!<br><\/p>\n\n\n\n<p> Sie haben Interesse an unserem Unternehmen und\/oder Fragen zu Produkten und w\u00fcnschen eine schnelle Kontaktaufnahme. Nutzen Sie unser <a href=\"https:\/\/nagel-metallbau.com\/?page_id=201&amp;customize_changeset_uuid=19dd2d74-724e-4ed8-b5a6-926e4eaa2796\">Kontaktformular<\/a> oder erreichen Sie uns telefonisch unter:  <a href=\"http:\/\/+49%206282%20\/%2092642-0\">+49 6282 \/ 92642-0\u00a0<\/a> <br><\/p>\n","protected":false},"excerpt":{"rendered":"<p>Wir beraten Sie gerne. Ein erfolgreiches Projekt beginnt bereits bei der Planung. Um fertigungstechnischen M\u00f6glichkeiten zu ber\u00fccksichtigen stehen wir Ihnen von Beginn an mit Rat und Tat zu Seite. So ist ein reibungsloser Ablauf &#8211; von der Planung bis zur Montage &#8211; Ihres Projekts m\u00f6glich. Wir kooperieren eng mit vertraglich gebundenen Ingenieuren, um auch Spezialkonstruktionen [&hellip;]<\/p>\n","protected":false},"author":1,"featured_media":0,"parent":0,"menu_order":0,"comment_status":"closed","ping_status":"closed","template":"","meta":{"ngg_post_thumbnail":0},"_links":{"self":[{"href":"https:\/\/nagel-metallbau.com\/index.php?rest_route=\/wp\/v2\/pages\/432"}],"collection":[{"href":"https:\/\/nagel-metallbau.com\/index.php?rest_route=\/wp\/v2\/pages"}],"about":[{"href":"https:\/\/nagel-metallbau.com\/index.php?rest_route=\/wp\/v2\/types\/page"}],"author":[{"embeddable":true,"href":"https:\/\/nagel-metallbau.com\/index.php?rest_route=\/wp\/v2\/users\/1"}],"replies":[{"embeddable":true,"href":"https:\/\/nagel-metallbau.com\/index.php?rest_route=%2Fwp%2Fv2%2Fcomments&post=432"}],"version-history":[{"count":37,"href":"https:\/\/nagel-metallbau.com\/index.php?rest_route=\/wp\/v2\/pages\/432\/revisions"}],"predecessor-version":[{"id":1625,"href":"https:\/\/nagel-metallbau.com\/index.php?rest_route=\/wp\/v2\/pages\/432\/revisions\/1625"}],"wp:attachment":[{"href":"https:\/\/nagel-metallbau.com\/index.php?rest_route=%2Fwp%2Fv2%2Fmedia&parent=432"}],"curies":[{"name":"wp","href":"https:\/\/api.w.org\/{rel}","templated":true}]}}