{"id":434,"date":"2019-04-17T16:27:16","date_gmt":"2019-04-17T14:27:16","guid":{"rendered":"http:\/\/nagel-metallbau.com\/?page_id=434"},"modified":"2019-06-06T15:14:54","modified_gmt":"2019-06-06T13:14:54","slug":"montage","status":"publish","type":"page","link":"https:\/\/nagel-metallbau.com\/?page_id=434","title":{"rendered":"MONTAGEN"},"content":{"rendered":"\n<p><strong>Montagen vom Profi.<\/strong><\/p>\n\n\n\n<hr class=\"wp-block-separator\"\/>\n\n\n\n<p>Eine professionelle Montage geh\u00f6rt in professionelle H\u00e4nde.<\/p>\n\n\n\n<p>Nach Fertigstellung in der Produktion ist es optimal, die auf Wunsch und Bedarf gefertigten Konstruktionen, von Fachpersonal montieren zu lassen. Unsere Monteure sind bereits im Fertigungsprozess involviert.  Daher sind sie bereits vor Produktfertigstellung in Kenntniss auf welche Eigenheiten bei der Montage besonders R\u00fccksicht genommen werden muss.<\/p>\n\n\n\n<ul class=\"wp-block-gallery columns-3 is-cropped\"><li class=\"blocks-gallery-item\"><figure><img loading=\"lazy\" width=\"1024\" height=\"1024\" src=\"https:\/\/nagel-metallbau.com\/wp-content\/uploads\/2019\/05\/Montage1_1200x1200-1024x1024.jpg\" alt=\"\" data-id=\"796\" data-link=\"https:\/\/nagel-metallbau.com\/?attachment_id=796\" class=\"wp-image-796\" srcset=\"https:\/\/nagel-metallbau.com\/wp-content\/uploads\/2019\/05\/Montage1_1200x1200-1024x1024.jpg 1024w, https:\/\/nagel-metallbau.com\/wp-content\/uploads\/2019\/05\/Montage1_1200x1200-150x150.jpg 150w, https:\/\/nagel-metallbau.com\/wp-content\/uploads\/2019\/05\/Montage1_1200x1200-300x300.jpg 300w, https:\/\/nagel-metallbau.com\/wp-content\/uploads\/2019\/05\/Montage1_1200x1200-768x768.jpg 768w, https:\/\/nagel-metallbau.com\/wp-content\/uploads\/2019\/05\/Montage1_1200x1200.jpg 1200w\" sizes=\"(max-width: 1024px) 100vw, 1024px\" \/><\/figure><\/li><li class=\"blocks-gallery-item\"><figure><img loading=\"lazy\" width=\"901\" height=\"900\" src=\"https:\/\/nagel-metallbau.com\/wp-content\/uploads\/2019\/05\/Montage3_900x900.jpg\" alt=\"\" data-id=\"800\" data-link=\"https:\/\/nagel-metallbau.com\/?attachment_id=800\" class=\"wp-image-800\" srcset=\"https:\/\/nagel-metallbau.com\/wp-content\/uploads\/2019\/05\/Montage3_900x900.jpg 901w, https:\/\/nagel-metallbau.com\/wp-content\/uploads\/2019\/05\/Montage3_900x900-150x150.jpg 150w, https:\/\/nagel-metallbau.com\/wp-content\/uploads\/2019\/05\/Montage3_900x900-300x300.jpg 300w, https:\/\/nagel-metallbau.com\/wp-content\/uploads\/2019\/05\/Montage3_900x900-768x767.jpg 768w\" sizes=\"(max-width: 901px) 100vw, 901px\" \/><\/figure><\/li><li class=\"blocks-gallery-item\"><figure><img loading=\"lazy\" width=\"1024\" height=\"1024\" src=\"https:\/\/nagel-metallbau.com\/wp-content\/uploads\/2019\/05\/Montage2_1200x1200-1-1024x1024.jpg\" alt=\"\" data-id=\"801\" data-link=\"https:\/\/nagel-metallbau.com\/?attachment_id=801\" class=\"wp-image-801\" srcset=\"https:\/\/nagel-metallbau.com\/wp-content\/uploads\/2019\/05\/Montage2_1200x1200-1-1024x1024.jpg 1024w, https:\/\/nagel-metallbau.com\/wp-content\/uploads\/2019\/05\/Montage2_1200x1200-1-150x150.jpg 150w, https:\/\/nagel-metallbau.com\/wp-content\/uploads\/2019\/05\/Montage2_1200x1200-1-300x300.jpg 300w, https:\/\/nagel-metallbau.com\/wp-content\/uploads\/2019\/05\/Montage2_1200x1200-1-768x768.jpg 768w, https:\/\/nagel-metallbau.com\/wp-content\/uploads\/2019\/05\/Montage2_1200x1200-1.jpg 1200w\" sizes=\"(max-width: 1024px) 100vw, 1024px\" \/><\/figure><\/li><\/ul>\n\n\n\n<p>Selbstverst\u00e4ndlich k\u00f6nnen Sie uns jedoch auch mit Bauteilen beauftragen, welche nicht aus unserer Fertigung stammen. Auch hier k\u00f6nnen Sie von unserm Know-How sowie der jahrzehntelangen Erfahrung unserer Mitarbeiter profitieren.\u00a0<\/p>\n\n\n\n<p> Sie haben Interesse an unserem Unternehmen und\/oder Fragen zu Produkten und w\u00fcnschen eine schnelle Kontaktaufnahme. Nutzen Sie unser <a href=\"https:\/\/nagel-metallbau.com\/?page_id=201&amp;customize_changeset_uuid=19dd2d74-724e-4ed8-b5a6-926e4eaa2796\">Kontaktformular<\/a> oder erreichen Sie uns telefonisch unter:  <a href=\"http:\/\/+49%206282%20\/%2092642-0\">+49 6282 \/ 92642-0\u00a0<\/a> <br><br><\/p>\n","protected":false},"excerpt":{"rendered":"<p>Montagen vom Profi. Eine professionelle Montage geh\u00f6rt in professionelle H\u00e4nde. Nach Fertigstellung in der Produktion ist es optimal, die auf Wunsch und Bedarf gefertigten Konstruktionen, von Fachpersonal montieren zu lassen. Unsere Monteure sind bereits im Fertigungsprozess involviert. Daher sind sie bereits vor Produktfertigstellung in Kenntniss auf welche Eigenheiten bei der Montage besonders R\u00fccksicht genommen werden [&hellip;]<\/p>\n","protected":false},"author":1,"featured_media":0,"parent":0,"menu_order":0,"comment_status":"closed","ping_status":"closed","template":"","meta":{"ngg_post_thumbnail":0},"_links":{"self":[{"href":"https:\/\/nagel-metallbau.com\/index.php?rest_route=\/wp\/v2\/pages\/434"}],"collection":[{"href":"https:\/\/nagel-metallbau.com\/index.php?rest_route=\/wp\/v2\/pages"}],"about":[{"href":"https:\/\/nagel-metallbau.com\/index.php?rest_route=\/wp\/v2\/types\/page"}],"author":[{"embeddable":true,"href":"https:\/\/nagel-metallbau.com\/index.php?rest_route=\/wp\/v2\/users\/1"}],"replies":[{"embeddable":true,"href":"https:\/\/nagel-metallbau.com\/index.php?rest_route=%2Fwp%2Fv2%2Fcomments&post=434"}],"version-history":[{"count":14,"href":"https:\/\/nagel-metallbau.com\/index.php?rest_route=\/wp\/v2\/pages\/434\/revisions"}],"predecessor-version":[{"id":1627,"href":"https:\/\/nagel-metallbau.com\/index.php?rest_route=\/wp\/v2\/pages\/434\/revisions\/1627"}],"wp:attachment":[{"href":"https:\/\/nagel-metallbau.com\/index.php?rest_route=%2Fwp%2Fv2%2Fmedia&parent=434"}],"curies":[{"name":"wp","href":"https:\/\/api.w.org\/{rel}","templated":true}]}}