{"id":436,"date":"2019-04-17T16:28:08","date_gmt":"2019-04-17T14:28:08","guid":{"rendered":"http:\/\/nagel-metallbau.com\/?page_id=436"},"modified":"2019-06-06T12:30:30","modified_gmt":"2019-06-06T10:30:30","slug":"planung-und-konstruktion","status":"publish","type":"page","link":"https:\/\/nagel-metallbau.com\/?page_id=436","title":{"rendered":"PLANUNG UND KONSTRUKTION"},"content":{"rendered":"\n<p><strong>Ihre Idee &#8211; gemeinsame Planung &#8211; Wir fertigen<\/strong><\/p>\n\n\n\n<hr class=\"wp-block-separator\"\/>\n\n\n\n<p>Nachdem wir Ihre Anforderung und Vorstellung des Projekts verinnerlicht haben, m\u00fcssen viele wichtige Punkte gekl\u00e4rt werden. Statik, Fertigungstechnik, Qualit\u00e4t und Optik spielen hier eine gro\u00dfe Rolle.   Wir arbeiten dabei eng mit kompetenten Ingenieur- und Architekturb\u00fcros zusammen. Dabei k\u00f6nnen wir mit unseren qualifizierten und innovativen Mitarbeitern zielorientiert bei der Produktentwicklung mitwirken.<\/p>\n\n\n\n<p>Durch die Expertise unserer Mitarbeiter gibt es in der Umsetzung Ihrer Projekte keine Grenzen.<\/p>\n\n\n\n<p>Stahl- und Metallkonstruktionen rei\u00dfen wir ihnen gerne auf, damit Ihr Projekt nach Fertigstellung auch so aussieht, wie Sie es sich vorgestellt haben.<br><br><\/p>\n\n\n\n<div class=\"wp-block-image\"><figure class=\"aligncenter is-resized\"><figure><figure><figure><img loading=\"lazy\" src=\"https:\/\/nagel-metallbau.com\/wp-content\/uploads\/2019\/05\/2019-05-10.png\" alt=\"\" class=\"wp-image-518\" width=\"379\" height=\"416\" srcset=\"https:\/\/nagel-metallbau.com\/wp-content\/uploads\/2019\/05\/2019-05-10.png 758w, https:\/\/nagel-metallbau.com\/wp-content\/uploads\/2019\/05\/2019-05-10-274x300.png 274w\" sizes=\"(max-width: 379px) 100vw, 379px\" \/><\/figure><\/figure><\/figure><\/figure><\/div>\n","protected":false},"excerpt":{"rendered":"<p>Ihre Idee &#8211; gemeinsame Planung &#8211; Wir fertigen Nachdem wir Ihre Anforderung und Vorstellung des Projekts verinnerlicht haben, m\u00fcssen viele wichtige Punkte gekl\u00e4rt werden. Statik, Fertigungstechnik, Qualit\u00e4t und Optik spielen hier eine gro\u00dfe Rolle. Wir arbeiten dabei eng mit kompetenten Ingenieur- und Architekturb\u00fcros zusammen. Dabei k\u00f6nnen wir mit unseren qualifizierten und innovativen Mitarbeitern zielorientiert bei [&hellip;]<\/p>\n","protected":false},"author":1,"featured_media":0,"parent":0,"menu_order":0,"comment_status":"closed","ping_status":"closed","template":"","meta":{"ngg_post_thumbnail":0},"_links":{"self":[{"href":"https:\/\/nagel-metallbau.com\/index.php?rest_route=\/wp\/v2\/pages\/436"}],"collection":[{"href":"https:\/\/nagel-metallbau.com\/index.php?rest_route=\/wp\/v2\/pages"}],"about":[{"href":"https:\/\/nagel-metallbau.com\/index.php?rest_route=\/wp\/v2\/types\/page"}],"author":[{"embeddable":true,"href":"https:\/\/nagel-metallbau.com\/index.php?rest_route=\/wp\/v2\/users\/1"}],"replies":[{"embeddable":true,"href":"https:\/\/nagel-metallbau.com\/index.php?rest_route=%2Fwp%2Fv2%2Fcomments&post=436"}],"version-history":[{"count":16,"href":"https:\/\/nagel-metallbau.com\/index.php?rest_route=\/wp\/v2\/pages\/436\/revisions"}],"predecessor-version":[{"id":1595,"href":"https:\/\/nagel-metallbau.com\/index.php?rest_route=\/wp\/v2\/pages\/436\/revisions\/1595"}],"wp:attachment":[{"href":"https:\/\/nagel-metallbau.com\/index.php?rest_route=%2Fwp%2Fv2%2Fmedia&parent=436"}],"curies":[{"name":"wp","href":"https:\/\/api.w.org\/{rel}","templated":true}]}}