{"id":451,"date":"2019-04-17T16:46:19","date_gmt":"2019-04-17T14:46:19","guid":{"rendered":"http:\/\/nagel-metallbau.com\/?page_id=451"},"modified":"2019-06-07T14:34:17","modified_gmt":"2019-06-07T12:34:17","slug":"schallschutz","status":"publish","type":"page","link":"https:\/\/nagel-metallbau.com\/?page_id=451","title":{"rendered":"SCHALLSCHUTZ"},"content":{"rendered":"\n<p><a href=\"https:\/\/nagel-metallbau.com\/?page_id=851&amp;customize_changeset_uuid=19dd2d74-724e-4ed8-b5a6-926e4eaa2796\">Einhausungen<\/a> \u2022 <a href=\"https:\/\/nagel-metallbau.com\/?page_id=836&amp;customize_changeset_uuid=19dd2d74-724e-4ed8-b5a6-926e4eaa2796\">Kapseln<\/a>  \u2022  <a href=\"https:\/\/nagel-metallbau.com\/?page_id=944&amp;customize_changeset_uuid=19dd2d74-724e-4ed8-b5a6-926e4eaa2796\">Pr\u00fcfkammern<\/a>  \u2022  <a href=\"https:\/\/nagel-metallbau.com\/?page_id=967&amp;customize_changeset_uuid=19dd2d74-724e-4ed8-b5a6-926e4eaa2796\">Freistehende Absorber<\/a>  \u2022  <a href=\"https:\/\/nagel-metallbau.com\/?page_id=962&amp;customize_changeset_uuid=19dd2d74-724e-4ed8-b5a6-926e4eaa2796\">Schallabsorber<\/a>  \u2022  <a href=\"https:\/\/nagel-metallbau.com\/?page_id=824&amp;customize_changeset_uuid=19dd2d74-724e-4ed8-b5a6-926e4eaa2796\">Schalld\u00e4mpfer<\/a><\/p>\n\n\n\n<hr class=\"wp-block-separator\"\/>\n\n\n\n<!-- default-view.php -->\n<div\n\tclass=\"ngg-galleryoverview default-view \"\n\tid=\"ngg-gallery-2752b1adf027438cf2af5e7e15f0aae5-1\">\n\n\t\t<!-- Thumbnails -->\n\t\t\t\t<div id=\"ngg-image-0\" class=\"ngg-gallery-thumbnail-box ngg-1-columns\" >\n\t\t\t\t        <div class=\"ngg-gallery-thumbnail\">\n            <a href=\"https:\/\/nagel-metallbau.com\/wp-content\/gallery\/schallschutz-1\/SCHALLSCHUTZ_1900x400.jpg\"\n               title=\"\"\n               data-src=\"https:\/\/nagel-metallbau.com\/wp-content\/gallery\/schallschutz-1\/SCHALLSCHUTZ_1900x400.jpg\"\n               data-thumbnail=\"https:\/\/nagel-metallbau.com\/wp-content\/gallery\/schallschutz-1\/thumbs\/thumbs_SCHALLSCHUTZ_1900x400.jpg\"\n               data-image-id=\"125\"\n               data-title=\"SCHALLSCHUTZ_1900x400\"\n               data-description=\"\"\n               data-image-slug=\"schallschutz_1900x400\"\n               class=\"ngg-simplelightbox\" rel=\"2752b1adf027438cf2af5e7e15f0aae5\">\n                <img\n                    title=\"SCHALLSCHUTZ_1900x400\"\n                    alt=\"SCHALLSCHUTZ_1900x400\"\n                    src=\"https:\/\/nagel-metallbau.com\/wp-content\/gallery\/schallschutz-1\/cache\/SCHALLSCHUTZ_1900x400.jpg-nggid03125-ngg0dyn-1900x400x100-00f0w010c011r110f110r010t010.jpg\"\n                    width=\"1800\"\n                    height=\"364\"\n                    style=\"max-width:100%;\"\n                \/>\n            <\/a>\n        <\/div>\n\t\t\t\t\t\t\t<\/div> \n\t\t\t\n\t\n\t<br style=\"clear: both\" \/>\n\n\t\n\t\t<!-- Pagination -->\n\t<div class='ngg-clear'><\/div>\t<\/div>\n\n\n\n\n<p style=\"text-align:left\"><strong>Wir helfen Ihnen, L\u00e4rm in Ihrer Umgebung zu reduzieren!<\/strong><\/p>\n\n\n\n<p style=\"text-align:left\">Wir fertigen und montieren hocheffiziente Bauteile f\u00fcr maximale L\u00e4rmreduzierung. Hierbei gehen wir exakt auf Ihre Anforderungen, Gr\u00f6\u00dfe, Ausf\u00fchrung oder Ihren Anspruch nach L\u00e4rmreduzierung ein.<br><br>All unsere Schallschutzbauteile sind Einzelanfertigungen und somit exakt nach Ihren Anforderungen und Planungen.  <br><br>Gerne unterst\u00fctzen wir Sie, von Beginn an in Ihrem Projekt, unter Fertigungstechnischen Gesichtspunkten.<br><br><\/p>\n\n\n\n<div class=\"wp-block-image\"><figure class=\"alignleft is-resized\"><img loading=\"lazy\" src=\"https:\/\/nagel-metallbau.com\/wp-content\/uploads\/2019\/05\/DSCF6971-1-1001x1024.jpg\" alt=\"\" class=\"wp-image-905\" width=\"501\" height=\"512\" srcset=\"https:\/\/nagel-metallbau.com\/wp-content\/uploads\/2019\/05\/DSCF6971-1-1001x1024.jpg 1001w, https:\/\/nagel-metallbau.com\/wp-content\/uploads\/2019\/05\/DSCF6971-1-293x300.jpg 293w, https:\/\/nagel-metallbau.com\/wp-content\/uploads\/2019\/05\/DSCF6971-1-768x786.jpg 768w\" sizes=\"(max-width: 501px) 100vw, 501px\" \/><\/figure><\/div>\n\n\n\n<ul><li>Schallschutzt\u00fcren und Tore<\/li><li>Schallschutzfenster<\/li><li>Schallschutzkassetten<\/li><li>Schalleinhausungen<\/li><li>Welleneinhausungen<\/li><li>Schallabsorber<\/li><li>Freistehende Absorber<\/li><li>etc.<br><br><br><br><br><br><br><\/li><\/ul>\n\n\n\n<p><br><br>Sie haben Interesse an unserem Unternehmen und\/oder Fragen zu Produkten und w\u00fcnschen eine schnelle Kontaktaufnahme. Nutzen Sie unser&nbsp;<a href=\"https:\/\/nagel-metallbau.com\/?page_id=201&amp;customize_changeset_uuid=19dd2d74-724e-4ed8-b5a6-926e4eaa2796\">Kontaktformular<\/a>&nbsp;oder erreichen Sie uns telefonisch unter:&nbsp;<a href=\"http:\/\/+49%206282%20\/%2092642-0\">+49 6282 \/ 92642-0&nbsp;<\/a>&nbsp;<br><br><\/p>\n\n\n\n<blockquote class=\"wp-block-quote\"><p> <br> <br>L\u00e4rm trifft den Nerv einer feinsinnigen Natur. Einen Geistesmenschen kann er sogar um den Verstand bringen.   <\/p><cite> <br>Peter Rudl&nbsp;(*1966), deutscher Aphoristiker   <\/cite><\/blockquote>\n","protected":false},"excerpt":{"rendered":"<p>Einhausungen \u2022 Kapseln \u2022 Pr\u00fcfkammern \u2022 Freistehende Absorber \u2022 Schallabsorber \u2022 Schalld\u00e4mpfer Wir helfen Ihnen, L\u00e4rm in Ihrer Umgebung zu reduzieren! Wir fertigen und montieren hocheffiziente Bauteile f\u00fcr maximale L\u00e4rmreduzierung. Hierbei gehen wir exakt auf Ihre Anforderungen, Gr\u00f6\u00dfe, Ausf\u00fchrung oder Ihren Anspruch nach L\u00e4rmreduzierung ein. All unsere Schallschutzbauteile sind Einzelanfertigungen und somit exakt nach Ihren [&hellip;]<\/p>\n","protected":false},"author":1,"featured_media":0,"parent":0,"menu_order":0,"comment_status":"closed","ping_status":"closed","template":"","meta":{"ngg_post_thumbnail":0},"_links":{"self":[{"href":"https:\/\/nagel-metallbau.com\/index.php?rest_route=\/wp\/v2\/pages\/451"}],"collection":[{"href":"https:\/\/nagel-metallbau.com\/index.php?rest_route=\/wp\/v2\/pages"}],"about":[{"href":"https:\/\/nagel-metallbau.com\/index.php?rest_route=\/wp\/v2\/types\/page"}],"author":[{"embeddable":true,"href":"https:\/\/nagel-metallbau.com\/index.php?rest_route=\/wp\/v2\/users\/1"}],"replies":[{"embeddable":true,"href":"https:\/\/nagel-metallbau.com\/index.php?rest_route=%2Fwp%2Fv2%2Fcomments&post=451"}],"version-history":[{"count":50,"href":"https:\/\/nagel-metallbau.com\/index.php?rest_route=\/wp\/v2\/pages\/451\/revisions"}],"predecessor-version":[{"id":1635,"href":"https:\/\/nagel-metallbau.com\/index.php?rest_route=\/wp\/v2\/pages\/451\/revisions\/1635"}],"wp:attachment":[{"href":"https:\/\/nagel-metallbau.com\/index.php?rest_route=%2Fwp%2Fv2%2Fmedia&parent=451"}],"curies":[{"name":"wp","href":"https:\/\/api.w.org\/{rel}","templated":true}]}}