{"id":812,"date":"2019-05-15T11:46:18","date_gmt":"2019-05-15T09:46:18","guid":{"rendered":"http:\/\/nagel-metallbau.com\/?page_id=812"},"modified":"2020-02-10T10:52:01","modified_gmt":"2020-02-10T09:52:01","slug":"tueren","status":"publish","type":"page","link":"https:\/\/nagel-metallbau.com\/?page_id=812","title":{"rendered":"T\u00dcREN &#038; TORE"},"content":{"rendered":"\n<p>   \u2022  <a href=\"https:\/\/nagel-metallbau.com\/?page_id=953&amp;customize_changeset_uuid=19dd2d74-724e-4ed8-b5a6-926e4eaa2796\">T\u00fcren (einfl\u00fcglig)<\/a> \u2022 <a href=\"https:\/\/nagel-metallbau.com\/?page_id=955&amp;customize_changeset_uuid=19dd2d74-724e-4ed8-b5a6-926e4eaa2796\">Tore (zweifl\u00fcglig)<\/a>  \u2022  <a href=\"https:\/\/nagel-metallbau.com\/?page_id=822&amp;customize_changeset_uuid=19dd2d74-724e-4ed8-b5a6-926e4eaa2796\">Fenster<\/a>  \u2022 <\/p>\n\n\n\n<hr class=\"wp-block-separator\"\/>\n\n\n\n<!-- default-view.php -->\n<div\n\tclass=\"ngg-galleryoverview default-view \"\n\tid=\"ngg-gallery-66d6c30ec0a78e59d5c6a08e70b7b866-1\">\n\n\t\t<!-- Thumbnails -->\n\t\t\t\t<div id=\"ngg-image-0\" class=\"ngg-gallery-thumbnail-box ngg-1-columns\" >\n\t\t\t\t        <div class=\"ngg-gallery-thumbnail\">\n            <a href=\"https:\/\/nagel-metallbau.com\/wp-content\/gallery\/tueren-tore\/ANLAGENBAUTEILE_2_1900x400.jpg\"\n               title=\"\"\n               data-src=\"https:\/\/nagel-metallbau.com\/wp-content\/gallery\/tueren-tore\/ANLAGENBAUTEILE_2_1900x400.jpg\"\n               data-thumbnail=\"https:\/\/nagel-metallbau.com\/wp-content\/gallery\/tueren-tore\/thumbs\/thumbs_ANLAGENBAUTEILE_2_1900x400.jpg\"\n               data-image-id=\"129\"\n               data-title=\"ANLAGENBAUTEILE_2_1900x400\"\n               data-description=\"\"\n               data-image-slug=\"anlagenbauteile_2_1900x400\"\n               class=\"ngg-simplelightbox\" rel=\"66d6c30ec0a78e59d5c6a08e70b7b866\">\n                <img\n                    title=\"ANLAGENBAUTEILE_2_1900x400\"\n                    alt=\"ANLAGENBAUTEILE_2_1900x400\"\n                    src=\"https:\/\/nagel-metallbau.com\/wp-content\/gallery\/tueren-tore\/cache\/ANLAGENBAUTEILE_2_1900x400.jpg-nggid03129-ngg0dyn-1900x600x100-00f0w010c011r110f110r010t010.jpg\"\n                    width=\"1800\"\n                    height=\"379\"\n                    style=\"max-width:100%;\"\n                \/>\n            <\/a>\n        <\/div>\n\t\t\t\t\t\t\t<\/div> \n\t\t\t\n\t\n\t<br style=\"clear: both\" \/>\n\n\t\n\t\t<!-- Pagination -->\n\t<div class='ngg-clear'><\/div>\t<\/div>\n\n\n\n\n<p>Gepr\u00fcfte <strong>T\u00fcren, Tore <\/strong>und <strong>Fenster <\/strong>produzieren wir individuell nach Ihren Vorstellungen. Wir greifen dazu auf ein riesiges Repertoire an bereits gefertigten L\u00f6sungen zu. Wir bieten Ihnen individuelle \u00d6ffnungs- und Verschlussm\u00f6glichkeiten,  Hitzebest\u00e4ndigkeit, sowie einen hervorragende Schalld\u00e4mmwerte.<\/p>\n\n\n\n<p class=\"has-text-align-center\"><strong>Schallschutzgepr\u00fcft und zertifiziert:<\/strong><\/p>\n\n\n\n<p class=\"has-text-align-center\">RW = 55 dB oder RW = 57 dB, gepr\u00fcft nach DIN EN ISO 140-3 sowie beschussfeste Spezialausf\u00fchrung, gepr\u00fcft nach DIN EN 1522, Beschussklasse FB 4<\/p>\n\n\n\n<p class=\"has-text-align-center\"><br>einfl\u00fcgelige Schallschutzt\u00fcren \/ zweifl\u00fcgelige Schallschutztore<\/p>\n\n\n\n<p class=\"has-text-align-center\">Rolltore \/ Rohrtore \/ Schiebetore<\/p>\n\n\n\n<p class=\"has-text-align-center\">Sonderanfertigungen in \u00dcbergr\u00f6\u00dfe.<br><\/p>\n\n\n\n<blockquote class=\"wp-block-quote has-text-align-center\"><p><\/p><p><\/p><p>Sie haben die Herausforderung &#8211; wir die passende L\u00f6sung!<\/p><cite>Das Nagel-Versprechen!<\/cite><\/blockquote>\n\n\n\n<div class=\"wp-block-image\"><figure class=\"aligncenter\"><img loading=\"lazy\" width=\"1000\" height=\"485\" src=\"http:\/\/nagel-metallbau.com\/wp-content\/uploads\/2019\/05\/Tor_1_1000x1000-1-e1558084749169.png\" alt=\"\" class=\"wp-image-926\" srcset=\"https:\/\/nagel-metallbau.com\/wp-content\/uploads\/2019\/05\/Tor_1_1000x1000-1-e1558084749169.png 1000w, https:\/\/nagel-metallbau.com\/wp-content\/uploads\/2019\/05\/Tor_1_1000x1000-1-e1558084749169-300x146.png 300w, https:\/\/nagel-metallbau.com\/wp-content\/uploads\/2019\/05\/Tor_1_1000x1000-1-e1558084749169-768x372.png 768w\" sizes=\"(max-width: 1000px) 100vw, 1000px\" \/><\/figure><\/div>\n\n\n\n<p>Sie haben Interesse an unserem Unternehmen und\/oder Fragen zu Produkten und w\u00fcnschen eine schnelle Kontaktaufnahme. Nutzen Sie unser&nbsp;<a href=\"https:\/\/nagel-metallbau.com\/?page_id=201&amp;customize_changeset_uuid=19dd2d74-724e-4ed8-b5a6-926e4eaa2796\">Kontaktformular<\/a>&nbsp;oder erreichen Sie uns telefonisch unter:&nbsp;<a href=\"http:\/\/+49%206282%20\/%2092642-0\">+49 6282 \/ 92642-0&nbsp;<\/a>&nbsp;<br><br><\/p>\n","protected":false},"excerpt":{"rendered":"<p>\u2022 T\u00fcren (einfl\u00fcglig) \u2022 Tore (zweifl\u00fcglig) \u2022 Fenster \u2022 Gepr\u00fcfte T\u00fcren, Tore und Fenster produzieren wir individuell nach Ihren Vorstellungen. Wir greifen dazu auf ein riesiges Repertoire an bereits gefertigten L\u00f6sungen zu. Wir bieten Ihnen individuelle \u00d6ffnungs- und Verschlussm\u00f6glichkeiten, Hitzebest\u00e4ndigkeit, sowie einen hervorragende Schalld\u00e4mmwerte. Schallschutzgepr\u00fcft und zertifiziert: RW = 55 dB oder RW = 57 [&hellip;]<\/p>\n","protected":false},"author":1,"featured_media":0,"parent":0,"menu_order":0,"comment_status":"closed","ping_status":"closed","template":"","meta":{"ngg_post_thumbnail":0},"_links":{"self":[{"href":"https:\/\/nagel-metallbau.com\/index.php?rest_route=\/wp\/v2\/pages\/812"}],"collection":[{"href":"https:\/\/nagel-metallbau.com\/index.php?rest_route=\/wp\/v2\/pages"}],"about":[{"href":"https:\/\/nagel-metallbau.com\/index.php?rest_route=\/wp\/v2\/types\/page"}],"author":[{"embeddable":true,"href":"https:\/\/nagel-metallbau.com\/index.php?rest_route=\/wp\/v2\/users\/1"}],"replies":[{"embeddable":true,"href":"https:\/\/nagel-metallbau.com\/index.php?rest_route=%2Fwp%2Fv2%2Fcomments&post=812"}],"version-history":[{"count":42,"href":"https:\/\/nagel-metallbau.com\/index.php?rest_route=\/wp\/v2\/pages\/812\/revisions"}],"predecessor-version":[{"id":1667,"href":"https:\/\/nagel-metallbau.com\/index.php?rest_route=\/wp\/v2\/pages\/812\/revisions\/1667"}],"wp:attachment":[{"href":"https:\/\/nagel-metallbau.com\/index.php?rest_route=%2Fwp%2Fv2%2Fmedia&parent=812"}],"curies":[{"name":"wp","href":"https:\/\/api.w.org\/{rel}","templated":true}]}}