{"id":836,"date":"2019-05-15T15:13:14","date_gmt":"2019-05-15T13:13:14","guid":{"rendered":"http:\/\/nagel-metallbau.com\/?page_id=836"},"modified":"2019-06-06T12:39:05","modified_gmt":"2019-06-06T10:39:05","slug":"tore-toerchen","status":"publish","type":"page","link":"https:\/\/nagel-metallbau.com\/?page_id=836","title":{"rendered":"Kapseln"},"content":{"rendered":"\n<p><a href=\"https:\/\/nagel-metallbau.com\/?page_id=851&amp;customize_changeset_uuid=19dd2d74-724e-4ed8-b5a6-926e4eaa2796\">Einhausungen<\/a> \u2022  <a href=\"https:\/\/nagel-metallbau.com\/?page_id=944&amp;customize_changeset_uuid=19dd2d74-724e-4ed8-b5a6-926e4eaa2796\">Pr\u00fcfkammern<\/a>  \u2022  <a href=\"https:\/\/nagel-metallbau.com\/?page_id=967&amp;customize_changeset_uuid=19dd2d74-724e-4ed8-b5a6-926e4eaa2796\">Freistehende Absorber<\/a>  \u2022  <a href=\"https:\/\/nagel-metallbau.com\/?page_id=962&amp;customize_changeset_uuid=19dd2d74-724e-4ed8-b5a6-926e4eaa2796\">Schallabsorber<\/a>  \u2022  <a href=\"https:\/\/nagel-metallbau.com\/?page_id=824&amp;customize_changeset_uuid=19dd2d74-724e-4ed8-b5a6-926e4eaa2796\">Schalld\u00e4mpfer<\/a><\/p>\n\n\n\n<p><br><strong>Wo bewegte Teile sind, sind Ger\u00e4usche.<\/strong><br><\/p>\n\n\n\n<hr class=\"wp-block-separator\"\/>\n\n\n\n<p>Mit unseren Schallkapseln k\u00f6nnen Sie die Ger\u00e4uschquelle schnell und effektiv isolieren. Dadurch k\u00f6nnen Ger\u00e4usche innerhalb der Kapseln absorbiert werden und Ihr Umfeld bleibt unbelastet.<br>H\u00e4ufig verursachen f\u00fcr die Produktion notwendige Teile wie Motoren, Wellen Generatoren oder Pumpen monotone St\u00f6rger\u00e4usche. Der l\u00e4ngere Aufenthalt in einer solchen Umgebung erschwert ein fokussiertes Arbeiten und kann zu langwierigen Erkrankungen f\u00fchren. <br><\/p>\n\n\n\n\n\n<div class=\"ngg-galleryoverview ngg-slideshow\"\n\t id=\"ngg-slideshow-584ef50bf808cf7e9bf1f7b835a029c8-1827534380\"\n     data-gallery-id=\"584ef50bf808cf7e9bf1f7b835a029c8\"\n     style=\"max-width: 500px; max-height: 500px;\">\n\n \t<div id=\"ngg-image-0\" class=\"ngg-gallery-slideshow-image\" style=\"height:500px\">\n\n        <a href=\"https:\/\/nagel-metallbau.com\/wp-content\/gallery\/kapseln\/Einhausung_2_1000x1000.png\"\n           title=\"\"\n           data-src=\"https:\/\/nagel-metallbau.com\/wp-content\/gallery\/kapseln\/Einhausung_2_1000x1000.png\"\n           data-thumbnail=\"https:\/\/nagel-metallbau.com\/wp-content\/gallery\/kapseln\/thumbs\/thumbs_Einhausung_2_1000x1000.png\"\n           data-image-id=\"32\"\n           data-title=\"Einhausung_2_1000x1000\"\n           data-description=\"\"\n           class=\"ngg-simplelightbox\" rel=\"584ef50bf808cf7e9bf1f7b835a029c8\">\n\n            <img data-image-id='32'\n                 title=\"\"\n                 alt=\"Einhausung_2_1000x1000\"\n                 src=\"https:\/\/nagel-metallbau.com\/wp-content\/gallery\/kapseln\/Einhausung_2_1000x1000.png\"\n                 style=\"max-height: 480px;\"\/>\n        <\/a>\n\n        <\/div> \n<div id=\"ngg-image-1\" class=\"ngg-gallery-slideshow-image\" style=\"height:500px\">\n\n        <a href=\"https:\/\/nagel-metallbau.com\/wp-content\/gallery\/kapseln\/Einhausung_3_1000x1000.png\"\n           title=\"\"\n           data-src=\"https:\/\/nagel-metallbau.com\/wp-content\/gallery\/kapseln\/Einhausung_3_1000x1000.png\"\n           data-thumbnail=\"https:\/\/nagel-metallbau.com\/wp-content\/gallery\/kapseln\/thumbs\/thumbs_Einhausung_3_1000x1000.png\"\n           data-image-id=\"33\"\n           data-title=\"Einhausung_3_1000x1000\"\n           data-description=\"\"\n           class=\"ngg-simplelightbox\" rel=\"584ef50bf808cf7e9bf1f7b835a029c8\">\n\n            <img data-image-id='33'\n                 title=\"\"\n                 alt=\"Einhausung_3_1000x1000\"\n                 src=\"https:\/\/nagel-metallbau.com\/wp-content\/gallery\/kapseln\/Einhausung_3_1000x1000.png\"\n                 style=\"max-height: 480px;\"\/>\n        <\/a>\n\n        <\/div> \n<div id=\"ngg-image-2\" class=\"ngg-gallery-slideshow-image\" style=\"height:500px\">\n\n        <a href=\"https:\/\/nagel-metallbau.com\/wp-content\/gallery\/kapseln\/Einhausung_1_1000x1000.png\"\n           title=\"\"\n           data-src=\"https:\/\/nagel-metallbau.com\/wp-content\/gallery\/kapseln\/Einhausung_1_1000x1000.png\"\n           data-thumbnail=\"https:\/\/nagel-metallbau.com\/wp-content\/gallery\/kapseln\/thumbs\/thumbs_Einhausung_1_1000x1000.png\"\n           data-image-id=\"34\"\n           data-title=\"Einhausung_1_1000x1000\"\n           data-description=\"\"\n           class=\"ngg-simplelightbox\" rel=\"584ef50bf808cf7e9bf1f7b835a029c8\">\n\n            <img data-image-id='34'\n                 title=\"\"\n                 alt=\"Einhausung_1_1000x1000\"\n                 src=\"https:\/\/nagel-metallbau.com\/wp-content\/gallery\/kapseln\/Einhausung_1_1000x1000.png\"\n                 style=\"max-height: 480px;\"\/>\n        <\/a>\n\n        <\/div> \n<\/div>\n\n\n\n\n\n\n\n<ul><li>Funktionalit\u00e4t &#8211; Wir isolieren die Ger\u00e4uschquelle und reduzieren somit die Umgebungsger\u00e4usche um ein vielfaches.<\/li><li>Durch die genaue Anpassung auf Ihr bestehendes Bauteil in Verbindung mit den r\u00e4umlichen Gegebenheiten, verschwenden Sie kein Platz, und die Bewegungsfreiheit bleibt weitestgehend erhalten.<\/li><li>Durch die optisch Individualisierte Anfertigung passt sich die Kapsel nahtlos in Ihre Umgebung ein. Ihre Wunschfarbe kann je nach Wunsch individuell angepasst werden.     <\/li><li>Unsere individuell angefertigten, und exakt auf Ihre Ger\u00e4uschquelle angepasste Schallkapsel ist f\u00fcr Sie die beste M\u00f6glichkeit L\u00e4rm zu reduzieren. Vertrauen Sie unserer jahrzehntelangen Erfahrung.<\/li><\/ul>\n","protected":false},"excerpt":{"rendered":"<p>Einhausungen \u2022 Pr\u00fcfkammern \u2022 Freistehende Absorber \u2022 Schallabsorber \u2022 Schalld\u00e4mpfer Wo bewegte Teile sind, sind Ger\u00e4usche. Mit unseren Schallkapseln k\u00f6nnen Sie die Ger\u00e4uschquelle schnell und effektiv isolieren. Dadurch k\u00f6nnen Ger\u00e4usche innerhalb der Kapseln absorbiert werden und Ihr Umfeld bleibt unbelastet.H\u00e4ufig verursachen f\u00fcr die Produktion notwendige Teile wie Motoren, Wellen Generatoren oder Pumpen monotone St\u00f6rger\u00e4usche. Der [&hellip;]<\/p>\n","protected":false},"author":1,"featured_media":0,"parent":0,"menu_order":0,"comment_status":"closed","ping_status":"closed","template":"","meta":{"ngg_post_thumbnail":0},"_links":{"self":[{"href":"https:\/\/nagel-metallbau.com\/index.php?rest_route=\/wp\/v2\/pages\/836"}],"collection":[{"href":"https:\/\/nagel-metallbau.com\/index.php?rest_route=\/wp\/v2\/pages"}],"about":[{"href":"https:\/\/nagel-metallbau.com\/index.php?rest_route=\/wp\/v2\/types\/page"}],"author":[{"embeddable":true,"href":"https:\/\/nagel-metallbau.com\/index.php?rest_route=\/wp\/v2\/users\/1"}],"replies":[{"embeddable":true,"href":"https:\/\/nagel-metallbau.com\/index.php?rest_route=%2Fwp%2Fv2%2Fcomments&post=836"}],"version-history":[{"count":15,"href":"https:\/\/nagel-metallbau.com\/index.php?rest_route=\/wp\/v2\/pages\/836\/revisions"}],"predecessor-version":[{"id":1601,"href":"https:\/\/nagel-metallbau.com\/index.php?rest_route=\/wp\/v2\/pages\/836\/revisions\/1601"}],"wp:attachment":[{"href":"https:\/\/nagel-metallbau.com\/index.php?rest_route=%2Fwp%2Fv2%2Fmedia&parent=836"}],"curies":[{"name":"wp","href":"https:\/\/api.w.org\/{rel}","templated":true}]}}